ue
Suppose -386*z = -389*z + 33. Let y(h) = 3*h**3 - 6*h**2 - 2. Is y(z) prime?
False
Let k(q) = 114*q**3 + 17*q**2 + 226*q - 111. Is k(14) a prime number?
True
Let x(u) = 11*u - 6. Let h be x(1). Is (-78)/130 - (-15818)/h prime?
True
Suppose 5*v = 3*z - 6105, -2*z + v = -4*z + 4057. Let f = z - -1329. Is f prime?
True
Is 30745 - (56/10 + 64/160) a composite number?
True
Suppose 2*g - 949458 = 1201*o - 1207*o, -3*o + 2*g + 474747 = 0. Is o a composite number?
True
Let m(w) = w**3 - 26*w**2 + 27*w - 50. Let k be m(25). Let g(x) = 25*x + 8751. Is g(k) prime?
False
Suppose -4*z - 3*g = 14 - 34, 2*z - g = 0. Suppose -3*n + 5*x = -6, -8*n + z*x = -7*n - 2. Is (-1)/((-3198)/1598 + n) a prime number?
False
Is (0 + -35)*2694448/(-3248) composite?
True
Let g = -3 + 14. Suppose -3*b = g + 1. Is (22/b - -4)*-358 composite?
True
Let g = -6 + 6. Suppose -f - b + 51 = -80, 5*f = 4*b + 673. Suppose g*s = 7*s - f. Is s composite?
False
Let y = 870709 - 545528. Is y composite?
False
Let o(w) = 7*w - 23. Let d be o(4). Suppose 6*z = d*z + 2101. Is z prime?
False
Let c(y) = -13*y - 6. Let m be c(-6). Let s = m - 65. Suppose 859 = j - 5*o, -10 = 2*o - s*o. Is j a prime number?
False
Let x be (1 - 3)*1/(-2). Let k be (-3)/(-5)*(6 - x). Suppose -c = -k*n - 0*n - 100, 4*n - 405 = -5*c. Is c prime?
False
Let y be 10/4*(-13)/(455/(-14)). Is -2 - -641 - ((-14)/y)/7 a prime number?
True
Let j(i) = -81*i**3 - 15*i**2 + 11*i - 39. Let n be j(-8). Suppose n + 33678 = 11*m. Is m a prime number?
True
Let m(c) = -2047*c**3 + 14*c**2 + 10*c + 11. Is m(-2) a prime number?
False
Suppose -47976970 + 142096093 = 357*v. Is v a composite number?
True
Is ((-14 - -204821) + -2)/1 a composite number?
True
Let q(i) be the third derivative of -i**6/120 - i**5/60 + 5*i**4/12 + 7*i**3/6 - 19*i**2. Is q(-6) a composite number?
False
Suppose f + 15 = -2*g, f - 5*g + 4*g + 3 = 0. Let a(s) = -s**2 - 9*s - 4. Let k be a(f). Suppose -9*t = -k*t + 719. Is t a composite number?
False
Suppose -2*v - 13 = -3*v - 2*i, 2*v + 5*i - 31 = 0. Suppose v*n - 116430 = -7*n. Is n composite?
True
Suppose 2*r - 4*d + 16 = 3*r, 0 = -2*d. Suppose 3*t + 21*b = r*b + 1432, 4*t - 1915 = -b. Is t prime?
True
Suppose 5*p + g - 522642 = 0, -4*g + 522607 = 5*p - 8*g. Is p a composite number?
False
Is (3 - ((-4 - -3) + 10)) + 352668/12 composite?
False
Let l = -83208 - -246311. Is l a composite number?
True
Let s = 4014 + 44. Let y = s - -2073. Is y a composite number?
False
Let j(i) = 1025*i - 90. Let k be j(6). Let f = k - -4487. Is f prime?
False
Let m = 10693 - -12042. Is m prime?
False
Let p be (-1)/(-3*5/240). Let k be 2/(-4) - (-1160)/p. Let l = k + 167. Is l a prime number?
True
Let x = 72636 + -49715. Is x a prime number?
True
Let n = -13276 + 28665. Suppose 0 = -u - 10*u + n. Is u prime?
True
Let j(b) = 47*b**2 + 393*b - 869. Is j(90) a composite number?
False
Let p(a) = 12*a**2 - 9*a + 46. Let x = -68 - -75. Is p(x) a composite number?
False
Suppose -2*u - 4*u = 174. Let b = u + 43. Is 4/b + -3 + 9160/35 a composite number?
True
Suppose -4*o = -o - 3*l - 7257, -4*o + l = -9676. Let w be 6/(-3) + (-5 + 2 - -5). Suppose t + o = 3*j + 5*t, w = -j - 2*t + 805. Is j prime?
True
Let s(m) = 140*m - 9. Let w be s(-6). Let y = w + 1821. Suppose -174 + y = 6*t. Is t a prime number?
False
Suppose 37*v + 84 = 43*v. Suppose v*j + 353 = 15*j. Is j a composite number?
False
Let p(n) = -4*n + 275. Let u(h) = h + 2. Let b(z) = -p(z) - 3*u(z). Let x be b(0). Let d = x - -1348. Is d prime?
False
Let k(m) = -m**3 - 8*m**2 - 4*m - 2. Let p be (26/39)/((-4)/(-30)). Let g be -6 - -1 - 20/p. Is k(g) prime?
False
Let u = -23679 + 30484. Is u composite?
True
Let q = -218 + 517. Let c = 801 - q. Is c a prime number?
False
Let n(i) = -12601*i - 17. Let b be n(-3). Is 1/(-1) + b/2 + 3 composite?
True
Let w = -30684 + 78587. Is w a prime number?
True
Is (56 - -579337) + (62/8 - (-9)/36) a composite number?
True
Suppose -46*y + 5650657 = 76*y - 1815377. Is y prime?
False
Suppose 0 = m - 2*p - 13, 76 = 2*m + 2*m - 2*p. Is (m + -4)/(1/7) composite?
True
Let f be 21/8 + (-48)/(-128). Suppose f*j - 1057 = 1604. Is -3 + 3 + j + 0 composite?
False
Let x(f) = 253318*f**2 + 14*f + 3. Is x(-1) a prime number?
True
Let n(f) = 4532*f + 37. Let g be n(6). Suppose -20*b - 2049 = -g. Is b prime?
True
Let l be (-28)/(-2*1) + (0 - 0). Let p(u) = -6 + 2*u**2 + 13*u + 1 - 6. Is p(l) prime?
True
Let o be ((-140)/42*(-99)/(-5))/(-2). Suppose -30*c + o*c = 3369. Is c a composite number?
False
Let d(u) = u**2 + 17*u - 79. Let g be d(4). Suppose 2*f - 20573 = g*k, 11*k - 20583 = -2*f + 6*k. Is f a composite number?
False
Let p(q) = -2 + 0 + 3018*q + 9455*q. Let u be p(-2). Is u/(-16) + 1/(-4) a prime number?
True
Let n be 9/2*((-15)/(-9) - 1). Suppose n*l - 9 = -3. Suppose 2*p - 738 = -2*i, -l*p = p + 2*i - 1111. Is p composite?
False
Let a(i) = 8*i - 20. Let p be a(4). Let m be 4/p + 0 - 481/3. Let h = 453 + m. Is h a composite number?
False
Let u(l) = -l - 2. Let f be u(-2). Suppose 2*n = 120 + 6. Suppose 2*h = 2*w + n - 19, 3*w + 9 = f. Is h a composite number?
False
Let z(h) be the second derivative of h**4/12 + 191*h**3/6 - 3*h**2/2 + 22*h. Let c(f) be the first derivative of z(f). Is c(0) composite?
False
Let t(j) = 54*j - 70. Let d be t(-6). Let x = 237 - d. Is x prime?
True
Let x(g) be the first derivative of 24*g**5/5 + g**4/12 + g**3/2 - 5*g**2/2 - 7*g + 12. Let m(y) be the first derivative of x(y). Is m(3) composite?
True
Let f = 218268 - -325655. Is f composite?
True
Suppose 179107 = 4*u + 3*i - 61965, 4*u + 5*i - 241064 = 0. Is u composite?
False
Let a be (0 + 1 - 2)*-11. Suppose 67 = 2*t - a. Suppose 3*r = 45 - t. Is r prime?
True
Suppose -33*g = 164*g - 19725807. Is g a composite number?
True
Suppose -1097*v - 4*o - 60066 = -1099*v, 4*o = -24. Is v prime?
False
Suppose -17*p - 75880 + 232909 = 0. Suppose -2*l + a = -p, -5*l + a = -10705 - 12395. Is l prime?
True
Suppose -26 = 4*p - 5*u + 13, 5*u + 3 = -3*p. Is p/(-4)*56686/63*3 a composite number?
False
Suppose 0 = -q + 24149 + 26244. Suppose 0 = 15*x + 8*x - q. Is x prime?
False
Suppose -7*o + 25 = -2*o. Suppose 4*q = o*r + 10, -8*r + 5*q = -4*r + 8. Let g(b) = -330*b - 1. Is g(r) prime?
True
Suppose 75*w - 1966349 - 1088476 = 0. Is w a composite number?
True
Let b(y) be the third derivative of 1223*y**4/24 + 3*y**3 + 12*y**2. Let w be b(10). Is 4/(-22) + w/88 a prime number?
True
Let i be (-2)/((-24)/(-3860))*(-36)/12. Suppose -964*h + i*h = 1139. Is h a composite number?
True
Suppose 0 = -4*s - s + 5*u + 58265, 0 = 4*s - u - 46609. Suppose 4*a - s = 5*m - 2*m, 0 = 5*a - 3*m - 14562. Is 2/6*(-8)/((-16)/a) a composite number?
True
Suppose -2*a + a - 5*o - 16 = 0, 0 = 2*o + 8. Let b be (-596)/8 - (-6)/a. Is b/(-1) - 3/(-3*1) composite?
True
Let c = -53 - -56. Is c + -2 - -3 - (5 - 998) composite?
False
Let m be -5 + (-132)/(-28) + (-3257)/(-7). Suppose -3*t - m = -2331. Is t a prime number?
False
Let s(o) = 443*o**3 + 2*o**2 + o - 4. Let a be s(2). Let m = a - -11814. Is (-6)/(-10) + m/10 a prime number?
False
Let m(j) = 36*j**2 - 11*j - 11. Let o be m(-1). Suppose -109895 = -o*q + 5*q. Is q a prime number?
False
Let l(s) = -42*s**2 + 6 - 5 + 10*s + 132*s**2 + 20*s**2. Is l(8) a prime number?
True
Suppose 8161*g - 8131*g + 51960 = 0. Suppose 4*z - 24472 = -4. Let t = g + z. Is t a composite number?
True
Suppose -26521 = -22*f + 149127. Suppose 8*g - 8440 = f. Is g prime?
True
Let j = 41638 - 24861. Let d = j - 11253. Suppose -37*r + 33*r = -d. Is r composite?
False
Let a(m) = m**3 + 17*m**2 + 5*m - 39. Let c(t) = -t**3 + 16*t**2 - 7*t - 25. Let q be c(15). Let o = 81 - q. Is a(o) prime?
True
Let a(h) be the third derivative of 9*h**4/8 - 28*h**3/3 + 202*h**2. Is a(5) a composite number?
False
Let y(g) = g**2 - g - 42. Let a be y(-6). Suppose -2*c = -2 - 8. Suppose a*h + 3*x - 683 = -2*h, -h = -c*x - 309. Is h prime?
False
Let t = 1459379 - 1003752. Is t composite?
False
Suppose -2*z = -2*v - 42, -7*z + 2*z = 2*v - 112. Suppose -z*i = -18*i - 11476. Is i a composite number?
True
Suppose -11*l + 846483 = 46418 - 15486. Is l a prime number?
False
Let m(j) = -31*j - 11. Let d(k) = -30*k - 11. Let a(z) = -2*d(z) + 3*m(z). Let r be a(-3). Let t = 71 + r. Is t prime?
False
Suppose -a = 3, 2*x + 3*x +